ors of k.
47
Let v(k) = 102*k**3 + k**2 - k - 1. What are the prime factors of v(1)?
101
Suppose 6 = 2*c - 4. Suppose -5*b - 120 = -5*x, x + 90 = c*x - b. What are the prime factors of x?
2, 11
Let b = 22 - 16. Suppose -b*y + 135 = -y. What are the prime factors of y?
3
Suppose 0 = z - 5*z. Suppose -85 = -5*l - 5*i, 3*l + z*l - 59 = -i. What are the prime factors of l?
3, 7
Let o = 7 + -13. Let t = o + 9. What are the prime factors of t?
3
Let c(i) = 38*i - 6. List the prime factors of c(2).
2, 5, 7
Let i = -11 + 3. Let y = 25 + i. What are the prime factors of y?
17
Suppose -34 = -3*j - 2*s, -5*j = -2*j - s - 46. List the prime factors of j.
2, 7
Suppose -28 = -2*d - 0*d. List the prime factors of d.
2, 7
Suppose -15*o + 13*o + 22 = 0. Suppose 0 = -0*b + 2*b - 10. Let x = o + b. List the prime factors of x.
2
Suppose 4 = 4*s - 12. What are the prime factors of (-10)/s*(-10)/5?
5
Suppose -g + 0*l = -3*l - 16, 5*g - 3*l - 44 = 0. Let t = g + -4. Suppose 0 = t*o - 29 - 10. List the prime factors of o.
13
Suppose 3*f = 5*n - 3*n + 17, 0 = -5*f - 3*n + 3. Suppose -8*i = -f*i - 60. What are the prime factors of 4/6 + 16/i?
2
Let j be ((-8)/(-6))/((-2)/6). Let b = j - -6. Suppose 0 = b*i + 2*i - 32. List the prime factors of i.
2
Let r(k) = k**2 - k. Let g be r(4). List the prime factors of (-3)/g - (-101)/4.
5
Let t(q) = 54*q + 8. What are the prime factors of t(4)?
2, 7
Let v be ((-16)/10)/((-4)/10). Suppose i + 3*i - 20 = -w, -2*w - 15 = -3*i. Suppose w = 3*p - l - 22, 2*l = v*p + 3*l - 34. List the prime factors of p.
2
Suppose -2 = 2*l - 0*l. Let h be 57/4 + l/4. Let i = -6 + h. What are the prime factors of i?
2
Suppose -4*p = -10*p + 516. What are the prime factors of p?
2, 43
Let k(j) = j**3 + 16*j**2 - 25*j - 11. What are the prime factors of k(-17)?
5
Let c be (1 - 0)*0/1. Suppose -3*k + 9 = -c. Suppose 4*f = o - 26, -46 = -3*o + 5*f - k. List the prime factors of o.
2, 3
Let k = 32 - 23. What are the prime factors of k?
3
Suppose s - 17 = -3*d, 0 = s + 3*s - 2*d + 2. Let l(u) = -u**3 + u + 4. Let w be l(0). Suppose -s*k + w = -k. List the prime factors of k.
2
Suppose -4*i + 3*v = -28, v + 2*v = 12. Suppose 0 = 5*q + i, -8 = -4*z - 3*q + 2. Suppose -z*r + 19 = -1. List the prime factors of r.
5
Let v = -304 + 518. List the prime factors of v.
2, 107
What are the prime factors of (-7)/(-3) + (-2)/(-3) + 34?
37
Let i(d) be the first derivative of -15*d**2/2 - 2. List the prime factors of i(-1).
3, 5
Let k(o) = -28*o - 2. Let l be k(-2). Suppose 3*b = -0*b + l. Suppose 3*n + 7 = -r, -3*r + 2*n - 6 + b = 0. List the prime factors of r.
2
Let m = -15 - -20. Suppose m*t + 39 = 204. What are the prime factors of t?
3, 11
Suppose 4*s = h - 94, -3*h + 7*h - 2*s - 446 = 0. What are the prime factors of h?
2, 3, 19
Let r = 1 + 4. Suppose d - 4 = 2*d, -r*a - 4*d = -9. Suppose -a*f - 10 = -10*f. List the prime factors of f.
2
Let g(i) = -9*i + 41. What are the prime factors of g(-11)?
2, 5, 7
Let t = -121 - -176. What are the prime factors of t?
5, 11
Let x(w) = 3*w**2 - 10*w + 5. Let c(o) = -16*o**2 + 50*o - 24. Let i be (-4)/6 + (-35)/(-3). Let a(b) = i*x(b) + 2*c(b). What are the prime factors of a(11)?
2, 3
Let h = 16 + -28. Let b = h - -27. List the prime factors of ((-104)/(-20))/(6/b).
13
Let p(x) be the first derivative of x**5/60 + 5*x**4/24 + 2*x**3/3 + x**2 - 4. Let k(h) be the second derivative of p(h). List the prime factors of k(-6).
2, 5
Suppose -4*q = 6*i - i - 22, -4*q + 18 = 3*i. Let n(h) = -h + 9*h - 11 + 8. List the prime factors of n(i).
13
Suppose -348 = -20*i + 16*i. List the prime factors of i.
3, 29
Suppose 0 = 5*t - 389 - 311. Let c = -76 + t. Suppose 0 = u - 4*n - 23, 0*u + 3*n = 5*u - c. List the prime factors of u.
11
Let q(v) = -v**3 + 5*v**2 + 7*v - 3. What are the prime factors of q(5)?
2
Suppose 0 = 4*k - 1 - 15. Suppose -k*a - 3*f + 28 = 0, 3*a + f + 1 - 17 = 0. Suppose 0*u + 2*u = 3*j, -a*u + 4*j + 8 = 0. List the prime factors of u.
2, 3
Let a be 2 + 4/2*-1. Let y = a + 10. Let f = y + -6. List the prime factors of f.
2
Let f(x) = 6*x**2 + 5*x - 3. What are the prime factors of f(1)?
2
Let v(k) = 27*k - 21. Let p(i) = 13*i - 10. Let u(t) = 13*p(t) - 6*v(t). What are the prime factors of u(3)?
17
What are the prime factors of (2/(-3))/((-10)/1560)?
2, 13
Suppose s + 3 - 1 = 0. Let f(a) = a - 2. Let w be f(s). Let i = w + 6. List the prime factors of i.
2
Suppose 0*m + 7*m - 539 = 0. What are the prime factors of m?
7, 11
Let t be (2 - 1)/((-1)/(-3)). Suppose t*o = 95 - 17. What are the prime factors of o?
2, 13
Suppose k = -2*r + 6*k + 40, -r - 2*k + 20 = 0. Let p = -4 + r. List the prime factors of p.
2
Suppose m + 3*y - 40 = 0, -3*m + 2*y + 55 = -21. Let w = m + -11. List the prime factors of w.
17
Suppose 7*c - 427 = 147. List the prime factors of c.
2, 41
Let v be (-4)/10 - 96/(-15). Suppose v*o + 51 = 9*o. List the prime factors of o.
17
Let z(n) = 3*n**2 - 2*n + 1. Let r be z(2). Let t(k) = k**3 - 8*k**2 - 9*k - 1. Let u be t(r). Let j = 1 - u. List the prime factors of j.
2
Suppose -g = -4*g + 33. Suppose 2 + g = -w. Let b = w - -27. What are the prime factors of b?
2, 7
Let c = -3 - 0. Let q be 8*(c/6)/1. Let n = 14 + q. What are the prime factors of n?
2, 5
Suppose 2*y = -5*z + 8, 12 = 3*y - z + 4*z. Suppose -d + 98 = 4*k, 6*d - d = y*k - 110. What are the prime factors of k?
5
Let h(b) = -2*b - 9. Let z be h(-6). Suppose -z*t = 3*i + 9, -2*t = -3*t - 3*i - 9. Suppose t*v - v + 3 = -g, 4*v - 2*g = 14. List the prime factors of v.
2
Let x be 8/20*(-210)/(-1). What are the prime factors of 20/(-8)*x/(-10)?
3, 7
List the prime factors of ((-22)/(-8))/(5/320).
2, 11
Let x(n) = n**2 + 6*n - 2. List the prime factors of x(9).
7, 19
Let f(g) = 2*g**2 - 8*g + 10. What are the prime factors of f(7)?
2, 13
What are the prime factors of 354/6 + 1*-2?
3, 19
Suppose 2*z + 210 = 4*z. List the prime factors of z.
3, 5, 7
What are the prime factors of (-7)/((-56)/354) - (-3)/(-12)?
2, 11
Let a = -7 - -2. Let s(w) = w**3 + 5*w**2 - 4*w - 4. What are the prime factors of s(a)?
2
Suppose 2*c = -3*j - 0*c + 23, 36 = 5*j + c. Let o(l) = -l + 7. Let y be o(j). Suppose y*x - x = -9. What are the prime factors of x?
3
Suppose -4*c + b + 39 = 0, 15 = 4*c + 5*b - 6. Let v(k) = -k - 3. Let j be v(3). Let t = c + j. List the prime factors of t.
3
Let b be 1*(-3 + 1 + -1). Let o be (-4)/b*15/10. Suppose -15 = -o*t - 3. List the prime factors of t.
2, 3
Let j be 4/(-2) + 0 + 1. Let z = j - -4. Let v = 1 + z. What are the prime factors of v?
2
Let a(x) = x**3 - 6*x**2 + 5*x + 4. List the prime factors of a(5).
2
Let m(w) = -89*w - 13. What are the prime factors of m(-2)?
3, 5, 11
Let s(t) = t**3 - 7*t**2 + 7*t - 6. Let a be s(6). Let b = -10 - -19. Let h = a + b. What are the prime factors of h?
3
Suppose -2*j - x + 93 = 0, -2*j + 4*x = 3*j - 200. What are the prime factors of 671/j - (-1)/(-4)?
3, 5
List the prime factors of -1 - ((-8)/(-10))/((-8)/40).
3
Let d(i) = 6*i**2 + 9*i + 2. List the prime factors of d(-5).
107
Suppose 3*a - 32 = a + 2*x, 5*a - 4*x - 77 = 0. List the prime factors of 5/5*a/1.
13
Let j = -149 - -210. List the prime factors of j.
61
Let r be 6*((-5)/(-2) + -2). Suppose j - r = -0*j. Suppose -j*n + 35 = -13. What are the prime factors of n?
2
Suppose -25 = 4*m - 1. Let f = m - -18. What are the prime factors of f?
2, 3
What are the prime factors of ((-152)/32)/((-2)/48)?
2, 3, 19
Suppose -26*n + 155 = -21*n. What are the prime factors of n?
31
Suppose 3*x + 0*x - 5*d + 65 = 0, -4*d = 2*x + 36. Let i = x + 41. List the prime factors of i.
3, 7
Let f(n) = 26*n**2 - 3*n. Let l be f(2). Suppose 2*o + 6 = l. List the prime factors of o.
2, 23
Let z = 1 + 4. Suppose 2*d - 7 - z = 0. What are the prime factors of 70/6 - d/9?
11
List the prime factors of (3 + -2)/((-3)/(-93)).
31
List the prime factors of (-2)/(-8) - (-1496)/32.
47
Let v(f) = 1 + f + 5 + 0 - 1. Let m be v(-3). Suppose -x = m*p - 18, 3*p + 14 = x + p. What are the prime factors of x?
2
What are the prime factors of (-2)/4 - (-585)/26?
2, 11
What are the prime factors of -3 + (-4 - (-45 - -1))?
37
Let c = -17 - -67. What are the prime factors of c?
2, 5
Suppose -5*h + 7 = -2*y, -2*y + h + 5 = -0*h. Suppose 58 = y*r - 4*g - 114, 177 = 4*r - 5*g. What are